is the remainder when 291 is divided by d?
72
Suppose 4*d + 16 = 0, -64*n + 59*n = -3*d - 1847. What is the remainder when 373 is divided by n?
6
Suppose -3*t + 160 = 5*b, 0 = 2*t - 52*b + 55*b - 109. Calculate the remainder when 2988 is divided by t.
63
Suppose 4*t = 5*t - 2*a + 3105, 0 = a. What is the remainder when 89 is divided by (1 + (-12)/10)/(27/t)?
20
Suppose 2*d = -5*d - 42. Let j be (22/d - 3)*-3*1. Suppose 0 = 2*m - 0*m - j. Calculate the remainder when 19 is divided by m.
9
Suppose -5*p = -f - 344, 73 + 200 = 4*p - 3*f. Let w(d) = 1804*d - 32465. Calculate the remainder when p is divided by w(18).
6
Let n = 41 - 90. Let p = 62 + n. Suppose 0 = -p*t + 3*t + 120. Calculate the remainder when 57 is divided by t.
9
Suppose 268*t = -211*t - 5779 + 95352. Calculate the remainder when t is divided by -3 - 100/(-6)*3.
46
Suppose 8*m + 210 = 14*m. Let v be (50/m)/((-3)/(-42)). Suppose -2*t = -18 - v. What is the remainder when 56 is divided by t?
18
Let f be (-1856)/(-40)*10/4. Let x = f + -75. Calculate the remainder when 121 is divided by x.
39
Suppose -63 = -5*y + 162. Calculate the remainder when y is divided by (8/18)/(1199/198 - 6).
5
Let a = -19140 + 19165. What is the remainder when 603 is divided by a?
3
Let f(r) = -r**2 - r + 6. Let m be f(-3). Suppose m = -5*c + 319 - 104. Let i(t) = 3*t - 5. What is the remainder when c is divided by i(9)?
21
Suppose 127*r - 90245 = 33453. Calculate the remainder when r is divided by 31.
13
Let t be (-3)/(-12) + (-8)/(256/328). What is the remainder when (15 + (t - 4))*1*11 is divided by 8?
3
Let h = 7573 - 6988. What is the remainder when h is divided by 152?
129
Suppose -164*v + h - 353 = -167*v, h = -4*v + 469. What is the remainder when 578 is divided by v?
114
What is the remainder when (5 + 45947/(-55))*50/(-15) is divided by 27?
14
Suppose -129*v - 4460 = -124*v. Calculate the remainder when 110/(-50) + 2 - v/10 is divided by 11.
1
Let t(z) = z**2 - 2*z - 25. Let p be t(7). Suppose 3*d + 161 = p*d. Suppose l - d = 3. What is the remainder when 75 is divided by l?
23
Let a = 2555 - 2024. Calculate the remainder when a is divided by 66.
3
Let l(b) = 2*b**2 + 19*b - 61. Let n be l(8). Let j = n - 202. What is the remainder when 44 is divided by j?
10
Let t(w) = -w**3 + 4*w**2 + 3*w - 7. Let v be t(4). Suppose 5*x = -2*s + 155, v*s - 3*x - 147 = 3*s. What is the remainder when s is divided by 4?
3
Let v(f) = -698*f + 9. Let a be v(1). Let u = a + 705. Calculate the remainder when 45 is divided by u.
13
Calculate the remainder when 1533 is divided by (2/13)/(31/2821).
7
Suppose -124*k = -38*k - 1517 - 3987. What is the remainder when k is divided by 21 + (0 - (-1 - 0))?
20
Let w = -4402 - -4637. Calculate the remainder when w is divided by 54.
19
Suppose -3937 + 324 = -35*q + 272. What is the remainder when q is divided by 27?
3
Suppose -6270*k + 6252*k = -1818. What is the remainder when 383 is divided by k?
80
Let j = 37 + -21. Suppose -f + j = 3*f. Suppose 0*b + 3*k = 2*b - 122, -50 = -b - f*k. What is the remainder when b is divided by 20?
18
Suppose 59*r - 7*r - 21658 + 2210 = 0. What is the remainder when r is divided by 290?
84
Let c = -12 + 14. Suppose 3*o - 3223 = -3214. Calculate the remainder when 3/c*3*4 is divided by o.
0
Suppose -511*x + 83485 + 186323 = 0. Calculate the remainder when x is divided by 282.
246
Suppose 6233 = 152*h - 10639. Calculate the remainder when 157 is divided by h.
46
Suppose -5*q + 4*b + 35 = 0, 50*b = -2*q + 53*b + 14. What is the remainder when 726 is divided by q?
5
Let r(g) = g**2 + 102*g + 2556. Calculate the remainder when 383 is divided by r(-42).
23
Let z = -3330 + 3381. What is the remainder when z is divided by -3*(26/(-6) - 2)?
13
Suppose 2*m = 5*f + 23, 5*m = -2*f - 2*f + 107. Let d = -2 - -6. Let s = d - -1. What is the remainder when m is divided by s?
4
Suppose -13360*u + 13341*u = -2109. What is the remainder when 581 is divided by u?
26
Suppose g - 181 = -4*d, 0 = 4*g + g + 3*d - 939. Let m = -182 + g. What is the remainder when 73 is divided by m?
3
Let y be (-358)/14*(-6 - 1). Let c = 198 - y. What is the remainder when 61 is divided by c?
4
Let i = -1467 - -1510. Calculate the remainder when (2427/18 - 0) + (-1)/(-6) is divided by i.
6
Let t(l) = -l**2 + 6*l + 13. Let u = 4 - 19. Let k = -9 - u. Calculate the remainder when 23 is divided by t(k).
10
Let m(v) = v**2 - 13. Suppose -2*s - 3*d - 25 = 10, -d = -3*s - 25. What is the remainder when m(s) is divided by 16/40 - (-296)/10?
27
What is the remainder when 1031 is divided by (-1 + 2)*200 - (132/12)/(-11)?
26
Suppose -35*j - 523 = -1678. Let f = 39 - 33. What is the remainder when j is divided by f?
3
Let k(y) = 31*y**2 + 94*y + 615. Calculate the remainder when k(-7) is divided by 17.
14
Let y be (10 + -57)*1*-1. Let p(z) = -6*z + 36. Let m be p(12). Let j = m + y. Calculate the remainder when 21 is divided by j.
10
Let f be (-3)/(18/(-8))*57. Let n = 52 + -48. Suppose -8*j - n + f = 0. Calculate the remainder when 26 is divided by j.
8
Suppose 5*z + 3*w = -2*w + 25, w = -5*z + 17. Let x(c) = -3 + z*c + 7*c + c**3 - 7*c**2 + c. Calculate the remainder when 25 is divided by x(5).
1
Let l(n) = -73*n - 227. Calculate the remainder when l(-10) is divided by 230.
43
Suppose -2*c = -0*c + 2*i - 26, -5*i - 5 = 0. What is the remainder when ((-16)/64 + 1)*548/3 is divided by c?
11
Let a(t) = 5*t**3 + 32*t**2 - 114*t - 93. What is the remainder when a(10) is divided by 82?
79
Suppose 2*j + 2*j - c + 370 = 0, -c = 2. What is the remainder when (0 - -21)/(j/(-713)) is divided by 33?
29
Suppose 4*f - 2*j - 58 = 28, 0 = -4*f - j + 77. Let g = f - 23. Calculate the remainder when 71 is divided by (g + -1 + (-10 - -8))*-3.
17
Let b(k) = -k + 4. Suppose -5*t - 25 = 5*i, t = 4*t - 2*i - 5. Let o be b(t). Suppose 2119 - 774 = o*z. What is the remainder when z is divided by 34?
31
Let y(t) = -5*t**2 + 15*t - 5. Let m be y(2). Suppose 0 = m*k + 2*n - 855, k - 5*k - n + 687 = 0. Calculate the remainder when k is divided by 59.
55
Suppose 0 = 5*y - 72*w + 71*w - 269, 3*w - 57 = -y. Let r(g) = g**3 + 6*g**2 + 3*g + 3. Calculate the remainder when r(-3) is divided by ((-10)/3)/((-36)/y).
1
Suppose -3*l - 2*d = -3649, -5*l - 29*d + 6083 = -27*d. Calculate the remainder when l is divided by 33.
29
Let r be (0 + 3)*3/9*4. Suppose 0 = -5*v - r*p + 30, 4*p = -4*v + p + 25. What is the remainder when 89 is divided by v?
9
Let i = 39 + -42. Let m be -1 - i - (-4 + -1). Suppose m*h = 40 + 30. Calculate the remainder when 48 is divided by h.
8
Let f(a) = a**2 - 4*a + 3. Let k be f(3). Suppose -2*p = 4*v - 31 + 3, 4*p - 5*v - 4 = k. What is the remainder when p is divided by 294/(-84)*6/(-7)?
0
Suppose -68*y - 41*y + 17290 = -39*y. Calculate the remainder when 3951 is divided by y.
246
Let h(x) be the third derivative of x**6/120 + 7*x**5/12 + 5*x**4/2 - 25*x**3/2 + x**2 - 9. What is the remainder when h(-33) is divided by 42?
39
Let d = 39602 - 39437. Calculate the remainder when 19304 is divided by d.
164
Let w(x) = x**2 - 8*x. Let f be w(8). Suppose f = -27*j - 7*j + 1496. Suppose k - 5*d = 7, -k - 2*d = -0*d - 14. What is the remainder when j is divided by k?
8
Let h(r) = 70*r**2 - 39*r - 128. What is the remainder when h(-3) is divided by 9?
7
Let j(c) = 18*c**2 + 0*c - 17*c**2 + c - 7*c + 8. Let n be j(5). Let p = 3 + n. What is the remainder when 17 is divided by p?
5
Let w = 275 + -273. Suppose -w*n + 374 = 4*o, -3*n - 9*o + 8*o = -536. Calculate the remainder when n is divided by 93.
84
Suppose -5*i - 26 = -a, i = a - 5 - 5. Let u = -1309 - -1338. Calculate the remainder when u is divided by a.
5
Let j(f) = f**2 + 2*f - 24. Suppose 45 = -3*h - 5*t, -10*t + 5*t - 15 = 0. What is the remainder when 220 is divided by j(h)?
52
Let z(u) = u + 1. Suppose -49 = 4*g + 3*g. What is the remainder when 17 + (6 - 2) + g is divided by z(4)?
4
Let k be 3 - 11 - -15 - -593. Let q = k + -548. What is the remainder when q is divided by (16/6 - -2)*3?
10
Suppose 2*s + 4*m = 5*m + 13, 4*m = 2*s - 28. Suppose -s*a + 10 = -2. What is the remainder when 20 is divided by a?
2
Suppose x + 588 = 4*x. What is the remainder when 6466 is divided by x?
194
Let n be (4 + 1)*36/45. What is the remainder when (n + 562)*(-2)/(-8)*2 